{"id":35220,"date":"2023-01-29T02:21:10","date_gmt":"2025-03-27T12:42:25","guid":{"rendered":"https:\/\/stil-fit.com\/shop\/stil-fit-pedalremmar-for-motionscykel\/"},"modified":"2025-03-27T13:42:25","modified_gmt":"2025-03-27T12:42:25","slug":"stil-fit-pedalremmar-for-motionscykel","status":"publish","type":"product","link":"https:\/\/stil-fit.com\/sv\/shop\/stil-fit-pedalremmar-for-motionscykel\/","title":{"rendered":"STIL-FIT Pedalremmar f\u00f6r Motionscykel"},"content":{"rendered":"<h1>STIL-FIT Pedalremmar f\u00f6r Motionscykel<\/h1>\n<p>V\u00e5ra pedalremmar ser till att dina f\u00f6tter sitter s\u00e4kert p\u00e5 pedalen under tr\u00e4ningen.<\/p>\n<p>Du beh\u00f6ver inte oroa dig f\u00f6r att halka, men framf\u00f6r allt ger pedalremmarna en mjuk och j\u00e4mn l\u00f6pning. Tack vare den fasta anslutningen kan du ocks\u00e5 dra upp pedalen och inte bara trycka ner den.<\/p>\n","protected":false},"excerpt":{"rendered":"<p>&nbsp;<\/p>\n<p>Pedalremmarna ger en mjuk och j\u00e4mn g\u00e5ng och ser till att f\u00f6tterna inte glider av pedalerna.<\/p>\n<ul>\n<li>L\u00e4tt att installera<\/li>\n<li>Justerbar till alla storlekar<\/li>\n<li>Fri frakt<\/li>\n<\/ul>\n","protected":false},"featured_media":29719,"comment_status":"open","ping_status":"closed","template":"","meta":{"_monsterinsights_skip_tracking":false,"_monsterinsights_sitenote_active":false,"_monsterinsights_sitenote_note":"","_monsterinsights_sitenote_category":0},"product_brand":[],"product_cat":[2915,2939],"product_tag":[3111,3237,3186,3236],"yst_prominent_words":[256,1479,1477,1480,251,1478,261,594],"class_list":{"0":"post-35220","1":"product","2":"type-product","3":"status-publish","4":"has-post-thumbnail","6":"product_cat-motionscykel-sv","7":"product_cat-uncategorised-sv","8":"product_tag-hemmafitness","9":"product_tag-homebike-sv","10":"product_tag-motionscykel","11":"product_tag-pedalremmar","12":"product_shipping_class-kleingerate-sv","14":"first","15":"instock","16":"taxable","17":"shipping-taxable","18":"purchasable","19":"product-type-simple"},"composite_virtual":false,"composite_layout":"","composite_add_to_cart_form_location":"","composite_editable_in_cart":false,"composite_sold_individually_context":"","composite_shop_price_calc":"","composite_components":[],"composite_scenarios":[],"bundled_by":[],"bundle_stock_status":"instock","bundle_stock_quantity":null,"bundle_virtual":false,"bundle_layout":"","bundle_add_to_cart_form_location":"","bundle_editable_in_cart":false,"bundle_sold_individually_context":"","bundle_item_grouping":"","bundle_min_size":"","bundle_max_size":"","bundle_price":[],"bundled_items":[],"bundle_sell_ids":[],"yoast_head":"<!-- This site is optimized with the Yoast SEO Premium plugin v14.5 - https:\/\/yoast.com\/wordpress\/plugins\/seo\/ -->\n<title>STIL-FIT Pedalremmar f\u00f6r Motionscykel | STIL-FIT<\/title>\n<meta name=\"robots\" content=\"index, follow\" \/>\n<meta name=\"googlebot\" content=\"index, follow, max-snippet:-1, max-image-preview:large, max-video-preview:-1\" \/>\n<meta name=\"bingbot\" content=\"index, follow, max-snippet:-1, max-image-preview:large, max-video-preview:-1\" \/>\n<link rel=\"canonical\" href=\"https:\/\/stil-fit.com\/sv\/shop\/stil-fit-pedalremmar-for-motionscykel\/\" \/>\n<meta property=\"og:locale\" content=\"sv_SE\" \/>\n<meta property=\"og:type\" content=\"article\" \/>\n<meta property=\"og:title\" content=\"STIL-FIT Pedalremmar f\u00f6r Motionscykel | STIL-FIT\" \/>\n<meta property=\"og:description\" content=\"&nbsp; Pedalremmarna ger en mjuk och j\u00e4mn g\u00e5ng och ser till att f\u00f6tterna inte glider av pedalerna.  L\u00e4tt att installera  Justerbar till alla storlekar  Fri frakt\" \/>\n<meta property=\"og:url\" content=\"https:\/\/stil-fit.com\/sv\/shop\/stil-fit-pedalremmar-for-motionscykel\/\" \/>\n<meta property=\"og:site_name\" content=\"STIL-FIT\" \/>\n<meta property=\"article:publisher\" content=\"https:\/\/de-de.facebook.com\/stilfit\/\" \/>\n<meta property=\"og:image\" content=\"https:\/\/stil-fit.com\/wp-content\/uploads\/2023\/01\/STIL-FIT-Ergometer-pedal-straps.jpg\" \/>\n\t<meta property=\"og:image:width\" content=\"1772\" \/>\n\t<meta property=\"og:image:height\" content=\"1772\" \/>\n<meta name=\"twitter:card\" content=\"summary_large_image\" \/>\n<script type=\"application\/ld+json\" class=\"yoast-schema-graph\">{\"@context\":\"https:\/\/schema.org\",\"@graph\":[{\"@type\":\"Organization\",\"@id\":\"https:\/\/stil-fit.com\/sv\/#organization\",\"name\":\"STIL-FIT International GmbH\",\"url\":\"https:\/\/stil-fit.com\/sv\/\",\"sameAs\":[\"https:\/\/de-de.facebook.com\/stilfit\/\",\"https:\/\/www.instagram.com\/stil_fit_int\/\",\"https:\/\/www.linkedin.com\/company\/stil-fit-international-gmbh\",\"https:\/\/www.youtube.com\/channel\/UC2HA1BeZtFB0acPMfq1hKdQ\",\"https:\/\/www.pinterest.com\/STILFITInt\/\"],\"logo\":{\"@type\":\"ImageObject\",\"@id\":\"https:\/\/stil-fit.com\/sv\/#logo\",\"inLanguage\":\"sv-SE\",\"url\":\"https:\/\/stil-fit.com\/wp-content\/uploads\/2019\/02\/stilfit_logo.jpg\",\"width\":150,\"height\":150,\"caption\":\"STIL-FIT International GmbH\"},\"image\":{\"@id\":\"https:\/\/stil-fit.com\/sv\/#logo\"}},{\"@type\":\"WebSite\",\"@id\":\"https:\/\/stil-fit.com\/sv\/#website\",\"url\":\"https:\/\/stil-fit.com\/sv\/\",\"name\":\"STIL-FIT\",\"description\":\"Stil-fit\",\"publisher\":{\"@id\":\"https:\/\/stil-fit.com\/sv\/#organization\"},\"potentialAction\":[{\"@type\":\"SearchAction\",\"target\":\"https:\/\/stil-fit.com\/sv\/?s={search_term_string}\",\"query-input\":\"required name=search_term_string\"}],\"inLanguage\":\"sv-SE\"},{\"@type\":\"ImageObject\",\"@id\":\"https:\/\/stil-fit.com\/sv\/shop\/stil-fit-pedalremmar-for-motionscykel\/#primaryimage\",\"inLanguage\":\"sv-SE\",\"url\":\"https:\/\/stil-fit.com\/wp-content\/uploads\/2023\/01\/STIL-FIT-Ergometer-pedal-straps.jpg\",\"width\":1772,\"height\":1772},{\"@type\":\"WebPage\",\"@id\":\"https:\/\/stil-fit.com\/sv\/shop\/stil-fit-pedalremmar-for-motionscykel\/#webpage\",\"url\":\"https:\/\/stil-fit.com\/sv\/shop\/stil-fit-pedalremmar-for-motionscykel\/\",\"name\":\"STIL-FIT Pedalremmar f\\u00f6r Motionscykel | STIL-FIT\",\"isPartOf\":{\"@id\":\"https:\/\/stil-fit.com\/sv\/#website\"},\"primaryImageOfPage\":{\"@id\":\"https:\/\/stil-fit.com\/sv\/shop\/stil-fit-pedalremmar-for-motionscykel\/#primaryimage\"},\"datePublished\":\"2025-03-27T12:42:25+00:00\",\"dateModified\":\"2025-03-27T12:42:25+00:00\",\"inLanguage\":\"sv-SE\",\"potentialAction\":[{\"@type\":\"ReadAction\",\"target\":[\"https:\/\/stil-fit.com\/sv\/shop\/stil-fit-pedalremmar-for-motionscykel\/\"]}]}]}<\/script>\n<!-- \/ Yoast SEO Premium plugin. -->","post_mailing_queue_ids":[],"_links":{"self":[{"href":"https:\/\/stil-fit.com\/sv\/wp-json\/wp\/v2\/product\/35220","targetHints":{"allow":["GET"]}}],"collection":[{"href":"https:\/\/stil-fit.com\/sv\/wp-json\/wp\/v2\/product"}],"about":[{"href":"https:\/\/stil-fit.com\/sv\/wp-json\/wp\/v2\/types\/product"}],"replies":[{"embeddable":true,"href":"https:\/\/stil-fit.com\/sv\/wp-json\/wp\/v2\/comments?post=35220"}],"wp:featuredmedia":[{"embeddable":true,"href":"https:\/\/stil-fit.com\/sv\/wp-json\/wp\/v2\/media\/29719"}],"wp:attachment":[{"href":"https:\/\/stil-fit.com\/sv\/wp-json\/wp\/v2\/media?parent=35220"}],"wp:term":[{"taxonomy":"product_brand","embeddable":true,"href":"https:\/\/stil-fit.com\/sv\/wp-json\/wp\/v2\/product_brand?post=35220"},{"taxonomy":"product_cat","embeddable":true,"href":"https:\/\/stil-fit.com\/sv\/wp-json\/wp\/v2\/product_cat?post=35220"},{"taxonomy":"product_tag","embeddable":true,"href":"https:\/\/stil-fit.com\/sv\/wp-json\/wp\/v2\/product_tag?post=35220"},{"taxonomy":"yst_prominent_words","embeddable":true,"href":"https:\/\/stil-fit.com\/sv\/wp-json\/wp\/v2\/yst_prominent_words?post=35220"}],"curies":[{"name":"wp","href":"https:\/\/api.w.org\/{rel}","templated":true}]}}

STIL-FIT Pedalremmar för Motionscykel

<h1>STIL-FIT Pedalremmar för Motionscykel</h1>
<p>Våra pedalremmar ser till att dina fötter sitter säkert på pedalen under träningen.</p>
<p>Du behöver inte oroa dig för att halka, men framför allt ger pedalremmarna en mjuk och jämn löpning. Tack vare den fasta anslutningen kan du också dra upp pedalen och inte bara trycka ner den.</p>

<p>&nbsp;</p>
<p>Pedalremmarna ger en mjuk och jämn gång och ser till att fötterna inte glider av pedalerna.</p>
<ul>
<li>Lätt att installera</li>
<li>Justerbar till alla storlekar</li>
<li>Fri frakt</li>
</ul>

<!-- This site is optimized with the Yoast SEO Premium plugin v14.5 - https://yoast.com/wordpress/plugins/seo/ -->
<title>STIL-FIT Pedalremmar för Motionscykel | STIL-FIT</title>
<meta name="robots" content="index, follow" />
<meta name="googlebot" content="index, follow, max-snippet:-1, max-image-preview:large, max-video-preview:-1" />
<meta name="bingbot" content="index, follow, max-snippet:-1, max-image-preview:large, max-video-preview:-1" />
<link rel="canonical" href="https://stil-fit.com/sv/shop/stil-fit-pedalremmar-for-motionscykel/" />
<meta property="og:locale" content="sv_SE" />
<meta property="og:type" content="article" />
<meta property="og:title" content="STIL-FIT Pedalremmar för Motionscykel | STIL-FIT" />
<meta property="og:description" content="&nbsp; Pedalremmarna ger en mjuk och jämn gång och ser till att fötterna inte glider av pedalerna.  Lätt att installera  Justerbar till alla storlekar  Fri frakt" />
<meta property="og:url" content="https://stil-fit.com/sv/shop/stil-fit-pedalremmar-for-motionscykel/" />
<meta property="og:site_name" content="STIL-FIT" />
<meta property="article:publisher" content="https://de-de.facebook.com/stilfit/" />
<meta property="og:image" content="https://stil-fit.com/wp-content/uploads/2023/01/STIL-FIT-Ergometer-pedal-straps.jpg" />
	<meta property="og:image:width" content="1772" />
	<meta property="og:image:height" content="1772" />
<meta name="twitter:card" content="summary_large_image" />
<script type="application/ld+json" class="yoast-schema-graph">{"@context":"https://schema.org","@graph":[{"@type":"Organization","@id":"https://stil-fit.com/sv/#organization","name":"STIL-FIT International GmbH","url":"https://stil-fit.com/sv/","sameAs":["https://de-de.facebook.com/stilfit/","https://www.instagram.com/stil_fit_int/","https://www.linkedin.com/company/stil-fit-international-gmbh","https://www.youtube.com/channel/UC2HA1BeZtFB0acPMfq1hKdQ","https://www.pinterest.com/STILFITInt/"],"logo":{"@type":"ImageObject","@id":"https://stil-fit.com/sv/#logo","inLanguage":"sv-SE","url":"https://stil-fit.com/wp-content/uploads/2019/02/stilfit_logo.jpg","width":150,"height":150,"caption":"STIL-FIT International GmbH"},"image":{"@id":"https://stil-fit.com/sv/#logo"}},{"@type":"WebSite","@id":"https://stil-fit.com/sv/#website","url":"https://stil-fit.com/sv/","name":"STIL-FIT","description":"Stil-fit","publisher":{"@id":"https://stil-fit.com/sv/#organization"},"potentialAction":[{"@type":"SearchAction","target":"https://stil-fit.com/sv/?s={search_term_string}","query-input":"required name=search_term_string"}],"inLanguage":"sv-SE"},{"@type":"ImageObject","@id":"https://stil-fit.com/sv/shop/stil-fit-pedalremmar-for-motionscykel/#primaryimage","inLanguage":"sv-SE","url":"https://stil-fit.com/wp-content/uploads/2023/01/STIL-FIT-Ergometer-pedal-straps.jpg","width":1772,"height":1772},{"@type":"WebPage","@id":"https://stil-fit.com/sv/shop/stil-fit-pedalremmar-for-motionscykel/#webpage","url":"https://stil-fit.com/sv/shop/stil-fit-pedalremmar-for-motionscykel/","name":"STIL-FIT Pedalremmar f\u00f6r Motionscykel | STIL-FIT","isPartOf":{"@id":"https://stil-fit.com/sv/#website"},"primaryImageOfPage":{"@id":"https://stil-fit.com/sv/shop/stil-fit-pedalremmar-for-motionscykel/#primaryimage"},"datePublished":"2025-03-27T12:42:25+00:00","dateModified":"2025-03-27T12:42:25+00:00","inLanguage":"sv-SE","potentialAction":[{"@type":"ReadAction","target":["https://stil-fit.com/sv/shop/stil-fit-pedalremmar-for-motionscykel/"]}]}]}</script>
<!-- / Yoast SEO Premium plugin. -->
